1111
In base 3, what is 1020111220110 - 0?
1020111220110
In base 16, what is 4b5 - -8?
4bd
In base 5, what is 22 - 134113?
-134041
In base 3, what is -1011110212 + -110?
-1011111022
In base 3, what is 221 - -1110101221?
1110102212
In base 15, what is -1 - 60d3?
-60d4
In base 11, what is 19 - 1186?
-1168
In base 6, what is -5103 + 115?
-4544
In base 8, what is 5 + -55510?
-55503
In base 9, what is -54650 - -52?
-54587
In base 2, what is -1011011000111 - 111?
-1011011001110
In base 3, what is -11212 + 110000?
21011
In base 13, what is -5c1 + -68?
-659
In base 8, what is 5 - 266536?
-266531
In base 14, what is -841 - 484?
-cc5
In base 14, what is -10 - -610c?
60dc
In base 3, what is -1121 - -101112?
22221
In base 14, what is 37 - cd?
-96
In base 16, what is -3 + 7b674?
7b671
In base 3, what is 1220 + 210111020?
210120010
In base 13, what is -371 - c0?
-461
In base 7, what is -5 - -11546?
11541
In base 2, what is 11010101100110 + 110?
11010101101100
In base 2, what is 101011000000100 + 111110?
101011001000010
In base 9, what is 1385234 - -5?
1385240
In base 15, what is -978 + -14?
-98c
In base 3, what is -1102 + -111122?
-120001
In base 5, what is 21 - 141311?
-141240
In base 13, what is 1 + 49210?
49211
In base 6, what is 1112 + 1044?
2200
In base 2, what is -10010 + 1000110111000?
1000110100110
In base 15, what is -86b71 + -c?
-86b7d
In base 6, what is 1 + -30001?
-30000
In base 15, what is -2e3 + a41?
74d
In base 10, what is -60 - -6339?
6279
In base 11, what is -1250 - 45?
-1295
In base 8, what is -150 + 5614?
5444
In base 7, what is 42011 - -4?
42015
In base 5, what is 34322 + 12?
34334
In base 5, what is 430131 - -13?
430144
In base 16, what is 0 - 37b7b?
-37b7b
In base 4, what is 2102130333 - 3?
2102130330
In base 2, what is 1000100111010011 - -110100?
1000101000000111
In base 14, what is -2 - -bc3c4?
bc3c2
In base 16, what is -36 + -1152?
-1188
In base 6, what is 1501 - 243?
1214
In base 14, what is -1b0d5 - 5?
-1b0da
In base 12, what is -b + 1b47b?
1b470
In base 3, what is -11101 + -12100?
-100201
In base 13, what is -2 + -547a?
-547c
In base 14, what is 68 - -9c0?
a48
In base 3, what is -10110011 + 1200?
-10101111
In base 10, what is 1808 - 90?
1718
In base 16, what is -18b00 - -3?
-18afd
In base 9, what is 145606 - -1?
145607
In base 5, what is 1 + -32133103?
-32133102
In base 6, what is -22 - 15114?
-15140
In base 5, what is 13444 - -212?
14211
In base 7, what is 3 - 10355054?
-10355051
In base 13, what is a35 + 3?
a38
In base 14, what is 5 - 4b45?
-4b40
In base 10, what is 8 - 11887?
-11879
In base 14, what is 1d3bdb - 4?
1d3bd7
In base 15, what is 4 - -b361?
b365
In base 13, what is 4342b - 3?
43428
In base 5, what is 12 - -3313121?
3313133
In base 5, what is -4 - 22011010?
-22011014
In base 10, what is -191 + 309?
118
In base 8, what is -115630 + -1?
-115631
In base 15, what is -7b - 494d?
-49c9
In base 4, what is -11222011 + -10?
-11222021
In base 6, what is -1544 + 1000?
-544
In base 16, what is 21a3 - -24?
21c7
In base 16, what is -432 + -76e?
-ba0
In base 4, what is 11232103 - 31?
11232012
In base 5, what is 3412313 + 2?
3412320
In base 3, what is -21 + 102210021?
102210000
In base 9, what is -4 + 57824?
57820
In base 16, what is -e + 1e82a?
1e81c
In base 3, what is 120 - 10221221212?
-10221221022
In base 13, what is -12 - 64332?
-64344
In base 15, what is -433 + 1a0?
-283
In base 7, what is -5414 + 35?
-5346
In base 14, what is -2a872 + 9?
-2a867
In base 7, what is -4 - 434602?
-434606
In base 13, what is -1227 + 3?
-1224
In base 11, what is -100a6 - -398?
-a809
In base 2, what is 100 + -11110111010001100001?
-11110111010001011101
In base 5, what is -1312 - -31323?
30011
In base 11, what is 54 + 1407?
1460
In base 3, what is 202112220100 - 12?
202112220011
In base 7, what is -125000 + 4?
-124663
In base 8, what is 1616 + -17?
1577
In base 8, what is -164405 - 2?
-164407
In base 12, what is -1a4 - -2053?
1a6b
In base 11, what is 4 - -210a4?
210a8
In base 6, what is 15 - 4013102?
-4013043
In base 10, what is 7 + -777432?
-777425
In base 15, what is -5e4 - -24?
-5c0
In base 16, what is -5 - 9544?
-9549
In base 7, what is 53 + -23560?
-23504
In base 4, what is 2031023101 + 0?
2031023101
In base 10, what is -89074 + 4?
-89070
In base 13, what is 61460 - -5?
61465
In base 16, what is -6e + -44?
-b2
In base 13, what is 5 + -3c674?
-3c66c
In base 13, what is -2a80 - -87?
-29c6
In base 8, what is 165002 - 3?
164777
In base 11, what is 4 + 1129?
1132
In base 9, what is 11565 + -2?
11563
In base 15, what is -142b + -1b3?
-15de
In base 13, what is -3 + -1c5a3?
-1c5a6
In base 13, what is 2792 - 4?
278b
In base 6, what is 3414230 - -10?
3414240
In base 3, what is -101 - -21120200?
21120022
In base 7, what is 56325333 + -5?
56325325
In base 8, what is 145407 - -112?
145521
In base 5, what is -20103 - -213?
-14340
In base 2, what is 100 - 10011011110011111?
-10011011110011011
In base 12, what is 21105 + 33?
21138
In base 6, what is 20353 - 3?
20350
In base 12, what is -472a80 - 0?
-472a80
In base 11, what is 3a4 - 1a1?
203
In base 6, what is -4041 + 43?
-3554
In base 6, what is -1113 + 30030?
24513
In base 9, what is 71724 + 0?
71724
In base 4, what is -1102120 - 1?
-1102121
In base 16, what is -7447 - 3?
-744a
In base 3, what is -11 + -1200122?
-1200210
In base 11, what is 2 + -3250?
-3249
In base 16, what is -c2c7 + 15?
-c2b2
In base 5, what is -2232 + 21?
-2211
In base 13, what is 197 - 218?
-51
In base 5, what is 141 + -1314101?
-1313410
In base 5, what is -304223 + 1101?
-303122
In base 5, what is -204343140 - -3?
-204343132
In base 4, what is 123022 + -11100?
111322
In base 4, what is -1 + 120211030?
120211023
In base 12, what is -4362 + -26?
-4388
In base 6, what is 5533132 - -4?
5533140
In base 12, what is -a + 4145?
4137
In base 13, what is 8c66ac - -2?
8c66b1
In base 12, what is -40 + 1335?
12b5
In base 3, what is 2 - -122220121112?
122220121121
In base 10, what is 283406 - -2?
283408
In base 6, what is 14534 + -2014?
12520
In base 16, what is -6b0 + -4?
-6b4
In base 16, what is -124c + 5b?
-11f1
In base 4, what is -1133031 + 13?
-1133012
In base 11, what is 0 + 6078?
6078
In base 11, what is 25 - 17393?
-17369
In base 3, what is -1020210022 - -10?
-1020210012
In base 3, what is 102112021 + 1012?
102120110
In base 9, what is 3 + 14578?
14582
In base 5, what is -43 + 3421?
3323
In base 3, what is 12 - 10012210221?
-10012210202
In base 2, what is -10100 + 10011100101000101?
10011100100110001
In base 15, what is 474 - 1b?
458
In base 8, what is 24060 - -6?
24066
In base 14, what is 1 - 1029d?
-1029c
In base 8, what is -5250 - 443?
-5713
In base 12, what is -3 + 83bb?
83b8
In base 3, what is 1 - -1221210121?
1221210122
In base 9, what is -1425457 - -1?
-1425456
In base 15, what is 2 + -155a7?
-155a5
In base 7, what is 1140 - 556?
251
In base 10, what is 29 - 3706?
-3677
In base 8, what is 4 - 350545?
-350541
In base 13, what is 3 - 2a90c?
-2a909
In base 16, what is 71c57 + 1?
71c58
In base 6, what is 1523521 + -3?
1523514
In base 9, what is -10644 + -156?
-10811
In base 2, what is 1001 - -10011010010111101?
10011010011000110
In base 9, what is -1688 - -18?
-1670
In base 11, what is 99a0 + -3?
9998
In base 8, what is -12 + -65174?
-65206
In base 13, what is -2c08c + 2?
-2c08a
In base 12, what is 1 + -a431?
-a430
In base 10, what is 0 - 194971?
-194971
In base 5, what is 3 - 3330420?
-3330412
In base 8, what is 234012 - 2?
234010
In base 5, what is -1000 + -34321?
-40321
In base 10, what is -7 - 5721?
-5728
In base 6, what is 453 + -341?
112
In base 16, what is -18 - -16d?
155
In base 13, what is -12117b + 3?
-121178
In base 15, what is e4eb - 7?
e4e4
In base 15, what is d + -4b23a?
-4b22c
In base 16, what is 3 - 1144f?
-1144c
In base 13, what is 6c65 + 5?
6c6a
In base 13, what is 124 - 3b?
b6
In base 15, what is 85d04 - -4?
85d08
In base 3, what is -2 - 201011120102?
-201011120111
In base 15, what is 185d1 - -2?
185d3
In base 11, what is 20 + 688a7?
68917
In base 7, what is 3 - -152550?
152553
In base 12, what is -9094 + 2?
-9092
In base 6, what is 4 - -121012?
121020
In base 2, what is 111011101100001 + 100?
111011101100101
In base 4, what is 12003133 - -22?
12003221
In base 14, what is b13 - -b?
b20
In base 3, what is -1011120210 -